{"id":183,"date":"2021-09-14T13:22:08","date_gmt":"2021-09-14T13:22:08","guid":{"rendered":"https:\/\/tvh.mb7x.de\/?page_id=183"},"modified":"2021-09-14T13:22:08","modified_gmt":"2021-09-14T13:22:08","slug":"tanzgruppe-maedchen-jungen-ab-6-jahren","status":"publish","type":"page","link":"https:\/\/tvh.mb7x.de\/index.php\/tanzgruppe-maedchen-jungen-ab-6-jahren\/","title":{"rendered":"Tanzgruppe M\u00e4dchen \/ Jungen ab 6 Jahren"},"content":{"rendered":"\n<p><strong>&#8222;XP Kidz&#8220; (6 &#8211; 9 Jahre)&nbsp;<\/strong><\/p>\n\n\n\n<p>Trainingszeiten: Donnerstags 16:15 bis 17:15 Uhr<\/p>\n\n\n\n<p>Die j\u00fcngste Tanzgruppe des TV Hattenheim stellt sich vor:<\/p>\n\n\n\n<p>Unsere Gruppe besteht aktuell aus 9 M\u00e4dels im Alter von 6-9 Jahren. Hier werden die Grundlagen des Tanzens vermittelt, insbesondere das Taktgef\u00fchl und die Arm-Bein-Koordination. Im Vordergrund steht aber immer der Spa\u00df am Sport.&nbsp;<\/p>\n\n\n\n<p>Wir treten mit unseren Showt\u00e4nzen haupts\u00e4chlich in der Faschingszeit in Hattenheim auf und sind&nbsp;auch immer bei den Veranstaltungen des Turnvereins mit dabei.<\/p>\n\n\n\n<p>Bei uns sind alle Grundschulkinder willkommen, die Spa\u00df an der Bewegung zur Musik haben.&nbsp;<\/p>\n\n\n\n<p>Ansprechpartnerin: Liane Zimmer (unterst\u00fctzt von Mich\u00e8le Hrobarsch)<\/p>\n","protected":false},"excerpt":{"rendered":"<p>&#8222;XP Kidz&#8220; (6 &#8211; 9 Jahre)&nbsp; Trainingszeiten: Donnerstags 16:15 bis 17:15 Uhr Die j\u00fcngste Tanzgruppe des TV Hattenheim stellt sich vor: Unsere Gruppe besteht aktuell aus 9 M\u00e4dels im Alter von 6-9 Jahren. Hier werden die Grundlagen des Tanzens vermittelt, insbesondere das Taktgef\u00fchl und die Arm-Bein-Koordination. Im Vordergrund steht aber immer der Spa\u00df am Sport.&nbsp; &hellip;<\/p>\n<p class=\"read-more\"> <a class=\"\" href=\"https:\/\/tvh.mb7x.de\/index.php\/tanzgruppe-maedchen-jungen-ab-6-jahren\/\"> <span class=\"screen-reader-text\">Tanzgruppe M\u00e4dchen \/ Jungen ab 6 Jahren<\/span> Weiterlesen &raquo;<\/a><\/p>\n","protected":false},"author":1,"featured_media":0,"parent":0,"menu_order":0,"comment_status":"closed","ping_status":"closed","template":"","meta":{"site-sidebar-layout":"default","site-content-layout":"default","ast-main-header-display":"","ast-hfb-above-header-display":"","ast-hfb-below-header-display":"","ast-hfb-mobile-header-display":"","site-post-title":"","ast-breadcrumbs-content":"","ast-featured-img":"","footer-sml-layout":"","theme-transparent-header-meta":"default","adv-header-id-meta":"","stick-header-meta":"","header-above-stick-meta":"","header-main-stick-meta":"","header-below-stick-meta":"","footnotes":""},"class_list":["post-183","page","type-page","status-publish","hentry"],"_links":{"self":[{"href":"https:\/\/tvh.mb7x.de\/index.php\/wp-json\/wp\/v2\/pages\/183","targetHints":{"allow":["GET"]}}],"collection":[{"href":"https:\/\/tvh.mb7x.de\/index.php\/wp-json\/wp\/v2\/pages"}],"about":[{"href":"https:\/\/tvh.mb7x.de\/index.php\/wp-json\/wp\/v2\/types\/page"}],"author":[{"embeddable":true,"href":"https:\/\/tvh.mb7x.de\/index.php\/wp-json\/wp\/v2\/users\/1"}],"replies":[{"embeddable":true,"href":"https:\/\/tvh.mb7x.de\/index.php\/wp-json\/wp\/v2\/comments?post=183"}],"version-history":[{"count":1,"href":"https:\/\/tvh.mb7x.de\/index.php\/wp-json\/wp\/v2\/pages\/183\/revisions"}],"predecessor-version":[{"id":185,"href":"https:\/\/tvh.mb7x.de\/index.php\/wp-json\/wp\/v2\/pages\/183\/revisions\/185"}],"wp:attachment":[{"href":"https:\/\/tvh.mb7x.de\/index.php\/wp-json\/wp\/v2\/media?parent=183"}],"curies":[{"name":"wp","href":"https:\/\/api.w.org\/{rel}","templated":true}]}}