{"id":194,"date":"2021-09-14T13:24:19","date_gmt":"2021-09-14T13:24:19","guid":{"rendered":"https:\/\/tvh.mb7x.de\/?page_id=194"},"modified":"2021-09-14T13:24:20","modified_gmt":"2021-09-14T13:24:20","slug":"zumba","status":"publish","type":"page","link":"https:\/\/tvh.mb7x.de\/index.php\/zumba\/","title":{"rendered":"Zumba"},"content":{"rendered":"\n<p>Liebe tanzbegeisterte Mitglieder des TV Hattenheim 1909 e.V.,<\/p>\n\n\n\n<p>mein Name ist Lisa, ich bin 29, Mama eines dreij\u00e4hrigen Rabauken, wohne in Hattenheim und m\u00f6chte euch gerne mit meiner Leidenschaft f\u00fcr Sport &amp; Rhythmus begeistern!<\/p>\n\n\n\n<p>Wie kam ich dazu? Ich habe schon vor Jahren damit begonnen an verschiedenen ZUMBA\u00ae-Kursen teilzunehmen und habe nun beschlossen meine Leidenschaft zum Beruf zu machen. Die Lizenz zum ZUMBA\u00ae Instructor habe ich im August 2020 erworben und jetzt m\u00f6chte ich gerne gemeinsam mit euch durchstarten.<\/p>\n\n\n\n<p>Wenn Du Lust hast, den Alltag f\u00fcr eine Stunde zu vergessen und Dich einfach nur gl\u00fccklich zu tanzen, dann bist Du in meinem ZUMBA\u00ae- Kurs genau richtig! Der Kurs findet ab dem 12.09.2020 samstags um 13 Uhr in der Turnhalle statt. Mitbringen solltet ihr neben guter Laune nat\u00fcrlich auch genug Wasser und ein Handtuch. ACHTUNG: Aufgrund der aktuell geltenden Hygienevorschriften ist die Teilnehmerzahl auf 15 Personen begrenzt! Daher meldet euch unbedingt vorher telefonisch bei mir an!<\/p>\n\n\n\n<p>Die erste Schnupperstunde ist kostenlos \u2013 f\u00fcr alle weiteren Stunden musst Du Mitglied im Turnverein sein und BEI TEILNAHME \u20ac 4,50 pro Trainingseinheit bezahlen. Die Abrechnung erfolgt \u00fcber Zehnerkarten.<\/p>\n\n\n\n<p>Du hast noch Fragen? Kein Problem \u2013 melde Dich bei mir unter 0177 802 837 6 per WhatsApp oder schreib mir eine E-Mail an&nbsp;<a href=\"mailto:strongerwithlisa@web.de.\"><\/a><a href=\"mailto:strongerwithlisa@web.de\">strongerwithlisa@web.de<\/a>.<\/p>\n\n\n\n<p>Ich freu mich auf Dich!<br>Deine Lisa<\/p>\n","protected":false},"excerpt":{"rendered":"<p>Liebe tanzbegeisterte Mitglieder des TV Hattenheim 1909 e.V., mein Name ist Lisa, ich bin 29, Mama eines dreij\u00e4hrigen Rabauken, wohne in Hattenheim und m\u00f6chte euch gerne mit meiner Leidenschaft f\u00fcr Sport &amp; Rhythmus begeistern! Wie kam ich dazu? Ich habe schon vor Jahren damit begonnen an verschiedenen ZUMBA\u00ae-Kursen teilzunehmen und habe nun beschlossen meine Leidenschaft &hellip;<\/p>\n<p class=\"read-more\"> <a class=\"\" href=\"https:\/\/tvh.mb7x.de\/index.php\/zumba\/\"> <span class=\"screen-reader-text\">Zumba<\/span> Weiterlesen &raquo;<\/a><\/p>\n","protected":false},"author":1,"featured_media":0,"parent":0,"menu_order":0,"comment_status":"closed","ping_status":"closed","template":"","meta":{"site-sidebar-layout":"default","site-content-layout":"default","ast-main-header-display":"","ast-hfb-above-header-display":"","ast-hfb-below-header-display":"","ast-hfb-mobile-header-display":"","site-post-title":"","ast-breadcrumbs-content":"","ast-featured-img":"","footer-sml-layout":"","theme-transparent-header-meta":"default","adv-header-id-meta":"","stick-header-meta":"","header-above-stick-meta":"","header-main-stick-meta":"","header-below-stick-meta":"","footnotes":""},"class_list":["post-194","page","type-page","status-publish","hentry"],"_links":{"self":[{"href":"https:\/\/tvh.mb7x.de\/index.php\/wp-json\/wp\/v2\/pages\/194","targetHints":{"allow":["GET"]}}],"collection":[{"href":"https:\/\/tvh.mb7x.de\/index.php\/wp-json\/wp\/v2\/pages"}],"about":[{"href":"https:\/\/tvh.mb7x.de\/index.php\/wp-json\/wp\/v2\/types\/page"}],"author":[{"embeddable":true,"href":"https:\/\/tvh.mb7x.de\/index.php\/wp-json\/wp\/v2\/users\/1"}],"replies":[{"embeddable":true,"href":"https:\/\/tvh.mb7x.de\/index.php\/wp-json\/wp\/v2\/comments?post=194"}],"version-history":[{"count":1,"href":"https:\/\/tvh.mb7x.de\/index.php\/wp-json\/wp\/v2\/pages\/194\/revisions"}],"predecessor-version":[{"id":196,"href":"https:\/\/tvh.mb7x.de\/index.php\/wp-json\/wp\/v2\/pages\/194\/revisions\/196"}],"wp:attachment":[{"href":"https:\/\/tvh.mb7x.de\/index.php\/wp-json\/wp\/v2\/media?parent=194"}],"curies":[{"name":"wp","href":"https:\/\/api.w.org\/{rel}","templated":true}]}}